 derivative of -10*m**3/3 - 3*m**2/2 - 6*m. Let y(g) = 81*g + 11. Let z(d) = 9*s(d) + 2*y(d). Is z(-2) a composite number?
False
Let i = -23 + 25. Suppose 2 - 16 = -i*y - 4*r, r = 1. Let q(p) = 102*p + 1. Is q(y) a prime number?
False
Let g(o) = 98*o**2 - 9*o + 139. Is g(12) composite?
False
Suppose -5*k - 4*a + 6*a = -273, -3*k - a = -166. Let y = -15 + k. Let z = y + 3. Is z a composite number?
False
Let u be -1 - -4 - (-14 - -9). Let k(a) be the first derivative of 11*a**2/2 - 5*a - 8. Is k(u) a composite number?
False
Let r(q) = -9*q + 9. Let x be r(2). Let u(c) = -91*c - 22. Is u(x) prime?
True
Suppose -17*x = -16*x - 372. Is 26/(x/1431 - (-8)/(-36)) a prime number?
False
Let j(a) = 3138*a + 21. Is j(2) prime?
False
Let p = -7785 + 5316. Let s = -1618 - p. Is s composite?
True
Let w(m) = 4420*m**2 - m + 19. Is w(-4) a prime number?
False
Let j(g) = 4*g**3 + 2*g + 7. Let q be j(3). Let o(b) = -b + 198. Let t be o(0). Let v = t - q. Is v a prime number?
False
Suppose 2*p = 24 + 6. Is 1361*(6 + p/(-3)) a prime number?
True
Suppose -24*x - 16 = -16*x. Is (-9)/(-9)*(-538)/x a prime number?
True
Let x(a) be the first derivative of -29*a**2/2 - 11*a + 20. Is x(-6) a composite number?
False
Let z = 0 - 0. Let i be 183/(-305) - (-4758)/(-20)*-4. Suppose z*n = -3*n + i. Is n prime?
True
Suppose 41*j - 824638 = 3*j. Is j a prime number?
True
Let w be (-112)/(-35) - 1/5. Suppose -r - 4*m = -629, 3*r - 2*m - w*m = 1938. Is r prime?
True
Suppose 0 = 8*n - 3*n - 4*o - 2962, 1186 = 2*n - o. Suppose -n = -0*c - 3*c. Suppose -3*x = -3*l + c, 0 = -5*l + 6*x - 2*x + 331. Is l prime?
True
Let n be 0 - (-2 + -2 + 2). Let w be n/5 + (-68)/20. Is (-2993)/(-6) + w/(-18) a composite number?
False
Let t = -6448 - -17694. Is t a prime number?
False
Suppose -3*z + 198 = 3*a, 2*z - 109 = 5*a + 23. Suppose l + 3*u + 0*u - 63 = 0, l = -4*u + z. Is 37/(4 - l/14) composite?
True
Suppose 2*o = 322 + 260. Let p be (-4)/(-18) + o/27. Is p*(-1 - -8) - 0 a prime number?
False
Let q = 125 + -82. Suppose 0 = q*h - 38*h - 5665. Is h composite?
True
Let n = -10260 + 14869. Is n prime?
False
Suppose 22546 = 24*x - 10406. Is x a composite number?
False
Suppose -7*k - 20 = -12*k. Suppose 8*w = k*w + 1228. Is w a prime number?
True
Suppose 4*a + 16 = 12*a. Suppose -a*p + 324 = -458. Is p a prime number?
False
Let v(m) = 728*m + 4. Let f(n) = -728*n - 3. Let y(z) = -8*f(z) - 6*v(z). Let a be y(1). Suppose 4*c + 5197 = 3*x + a, 4*x - 4*c = 4984. Is x a prime number?
False
Is 2369 - (3 + -2) - (-2 - -1) a prime number?
False
Let h(q) = -q - 4. Let m be h(-6). Suppose 4*l - 4 = m*g - 0, 5*g + 3*l = 29. Suppose 2 = -5*i - 3, g*k = -4*i + 312. Is k a prime number?
True
Let d(b) = 128*b + 9. Is d(19) a composite number?
False
Suppose 3*u = -2*g - 12, -10*u + 6*u - 16 = -3*g. Suppose -4*b + 269 + 539 = g. Is b a composite number?
True
Let r(p) = 21994*p**2 + 9*p - 34. Is r(3) composite?
True
Suppose 29*d - 46437 = 26*d. Is d prime?
False
Let i(u) be the first derivative of -9*u**2/2 + 19*u - 48. Let s be -20 - -5 - (-2 - -1). Is i(s) a prime number?
False
Let d(u) = 11*u**2 + 8*u + 7. Let p be d(-7). Let y = p + 67. Is y prime?
True
Suppose -54*d + 59*d - 12815 = 0. Is d a prime number?
False
Let h(l) = -16531*l + 28. Is h(-1) a prime number?
False
Let g = 8 + -8. Suppose g*v - 8 = -2*v. Suppose 32 - 360 = -v*k. Is k a composite number?
True
Let u be ((-24)/30)/(4/(-10)). Suppose -5*g - 1735 = -4*k - 106, -u*g - 1638 = -4*k. Is k composite?
True
Let i(j) = -2*j**3 + 48*j**2 + 41*j - 97. Is i(22) composite?
False
Let r(m) = -4*m**2 + 0 - 19*m**3 + m - 3 - 1. Let t(b) = 58*b**3 + 11*b**2 - 3*b + 11. Let u(i) = 8*r(i) + 3*t(i). Is u(1) composite?
False
Let q(p) = -295*p + 4. Let g be (-2)/4*(11 - 9). Is q(g) composite?
True
Is (201/(-134))/((-1)/15362 - 0) a composite number?
True
Is -3*(-3)/(-18) + 1814/4 prime?
False
Let l be -3 - 3/(-2) - (-84138)/4. Suppose 0 = 2*j - 4*g - 10510, 5*g = -4*j - 0*j + l. Is j composite?
True
Let v = 9 + -17. Let t be (-15122)/v - (-1)/(-4). Suppose -t = -3*a - 651. Is a a prime number?
False
Let m = 1967 + -1167. Suppose 4*o - 664 = -4*c, 2*o = 7*o - c - m. Is o prime?
False
Let y be 3*(-7)/(63/(-12)). Suppose 465 = y*o + o. Suppose 5*c = 3*a - o - 55, 0 = 5*c - 5. Is a a prime number?
False
Let p = -20 + -95. Let f = 216 - p. Is f prime?
True
Suppose 2*w - 133 = w + 2*t, -409 = -3*w - 4*t. Let r = 637 - w. Is r a prime number?
False
Let j(o) = -328*o + 49. Let g = 27 + -31. Is j(g) prime?
True
Let i(y) = -83*y - 11. Let u = -13 + -3. Is i(u) a composite number?
True
Let v(m) be the second derivative of 5*m**3/6 - 3*m**2/2 - 17*m. Suppose 3*j - 34 = -k + 2*k, 0 = k + 4. Is v(j) prime?
True
Let d = -1369 - -2346. Is (11 + -9)*d/2 a composite number?
False
Suppose -j = 7 - 13. Suppose 765 = -j*t + 2667. Is t a composite number?
False
Let w = 63091 - 40925. Is w composite?
True
Suppose c - 175293 = -4*u, -64*c = -3*u - 59*c + 131464. Is u a prime number?
False
Suppose 0 = 5*q + d - 4*d - 27, -5*d = 20. Let s be 2*(-2 - 376/(-16)). Suppose q*u = s + 68. Is u a prime number?
True
Let r be 1*(-3)/3*42. Let o = 97 + r. Let y = o - 34. Is y prime?
False
Let b be 12/7 - 16/(-56). Suppose -b*w + 6*w - 1348 = 0. Is w prime?
True
Suppose 3*t = 4*d - 18 - 19, -d = -1. Is 1/(-3)*2*(-2548 + t) prime?
False
Suppose 0 = 5*j - 3*j. Suppose -p + 2*p - 5 = j, -a - 22 = -5*p. Is 4 + (-12)/a - -143 prime?
False
Suppose -4*g - 3*v + 30682 = 0, -4*g = 4*v - 12130 - 18554. Is g a prime number?
True
Let c(o) = o**3 - 9*o**2 - 2*o - 5. Let k be c(4). Let v = k + 45. Let g = v + 271. Is g composite?
False
Suppose 5*n + 78 - 28 = 0. Let v(s) = s**3 + 14*s**2 + 15*s - 1. Is v(n) composite?
True
Suppose -l + 13 = 14. Is (1 + l/2)*1282 prime?
True
Suppose -26*w = -25*w - 49535. Is w a prime number?
False
Let d(v) = -7*v + 52. Let r be d(7). Suppose 3*i + 3*j = 6546, 3*i - r*j - 9100 = -2572. Is i a prime number?
True
Let l = 7052 - 1735. Is l a composite number?
True
Is 1314/81 + -16 + 241531/9 a prime number?
False
Let l(n) = n + 21. Let t be l(-16). Let d(m) be the second derivative of m**4/12 + m**3 + 7*m**2/2 - 2*m. Is d(t) a prime number?
False
Is (-2226)/(-6)*-1*(0 - 1) a prime number?
False
Suppose -4*c + 40 = 5*k + 997, -4*c - 2*k - 966 = 0. Let o be (c/4)/(6/(-32)). Suppose -2*r - 2*r + 4*i = -o, 4*r - 320 = 2*i. Is r a prime number?
True
Is -11*(-15)/(45/9) composite?
True
Let g be 290/12 + (-5)/(-6) + -1. Let w(c) = -c - 1. Let s be w(1). Let l = g + s. Is l prime?
False
Let p(j) = 8*j - 1 - 8*j + 132*j**2. Is p(1) a prime number?
True
Suppose 5*i = 529 + 2781. Is i a composite number?
True
Let r(u) = 7*u - 13 - u + 9*u. Let o be r(13). Suppose 3*l - o - 91 = 0. Is l prime?
False
Let r = -69 + 39. Let u = -9 - r. Is u a prime number?
False
Let j = -17 + 37. Suppose -j*v = -19*v - 673. Is v prime?
True
Suppose -3*j - 632 = -a + 560, 0 = 3*a - 5*j - 3556. Is a prime?
False
Let y = 4 - -1. Suppose -3*z + 247 = y*a, 5*a - 2*a = 6. Is z a composite number?
False
Suppose 2*v = 3*w + w - 126, 3*w - 4*v = 92. Let m = w - -179. Is m a composite number?
False
Suppose 2*g - 4*z - 23382 = 0, -2*g + z + 23388 = -z. Let q = g + -5942. Is q composite?
True
Let g(w) = 59*w**2 - 8*w - 22. Is g(-3) composite?
True
Suppose 0*t + 27 = l - 5*t, -2*t - 18 = -l. Let f be (-88)/l*6/(-4). Suppose -5 - f = -4*x, -4*x - 221 = -3*q. Is q prime?
True
Let w(p) = 13471*p**2 + 4*p + 1. Is w(2) composite?
True
Let g = -19 + 16. Let h(b) = b**3 + 2*b**2 - 3*b. Let u be h(g). Suppose u = -3*x + 330 - 81. Is x composite?
False
Suppose s + 28 = 5*r, r = s + 2*s + 28. Let p(c) = c. Let g(j) = -2*j**2 - 4*j - 9. Let x(k) = -g(k) + p(k). Is x(s) composite?
False
Suppose -13*r - 20780 = -17*r. Is r composite?
True
Is ((-6)/(-9))/(-3 - (-843452)/281148) prime?
False
Let v(f) be the first derivative of f**4/4 + 14*f**3/3 + f**2 - 3*f + 17. Suppose -4*r = -2*r + 20. Is v(r) a composite number?
True
Suppose -z = -5*m + 55, z + 65 = -2*z - 5*m. Is 2/4 - 5/(z/2343) a prime number?
False
Suppose 97808 = 5*k - 2*i, -2*i - 82706 + 4460 = -4*k. Is k prime?
False
Let z(q) = 3939*q - 29. Is z(4) a composite number?
False
Suppose 101*d = 41*d + 3314580. Is d a composite number?
False
Suppose 0*i = -7*i + 14973. Suppose -i = -s - 